2551 is divided by 22.
21
What is the remainder when 1716511 is divided by 478?
13
What is the remainder when 23037 is divided by 7587?
276
What is the remainder when 6719932 is divided by 117?
37
Calculate the remainder when 3454372 is divided by 9676.
40
Calculate the remainder when 46024307 is divided by 513.
512
What is the remainder when 64389694 is divided by 8583?
28
What is the remainder when 178100414 is divided by 52?
50
What is the remainder when 22851933 is divided by 5712978?
21
What is the remainder when 868823 is divided by 867778?
1045
What is the remainder when 1706066 is divided by 1705645?
421
Calculate the remainder when 24209 is divided by 6046.
25
What is the remainder when 341082 is divided by 3279?
66
What is the remainder when 35533 is divided by 5723?
1195
Calculate the remainder when 6621799 is divided by 1596.
1591
What is the remainder when 116355 is divided by 29064?
99
Calculate the remainder when 14664936 is divided by 14664925.
11
Calculate the remainder when 3271645 is divided by 136.
29
What is the remainder when 915511 is divided by 202?
47
Calculate the remainder when 213289436 is divided by 260.
256
Calculate the remainder when 5041893 is divided by 1680352.
837
What is the remainder when 186438 is divided by 18?
12
What is the remainder when 748700 is divided by 20794?
116
Calculate the remainder when 647543 is divided by 6167.
8
Calculate the remainder when 3011062 is divided by 1505429.
204
Calculate the remainder when 215356287 is divided by 107678143.
1
Calculate the remainder when 11474033 is divided by 933.
932
Calculate the remainder when 150801 is divided by 79.
69
Calculate the remainder when 143234 is divided by 56.
42
Calculate the remainder when 57114144 is divided by 1871.
1869
Calculate the remainder when 47486 is divided by 21782.
3922
What is the remainder when 16249 is divided by 46?
11
Calculate the remainder when 32108659 is divided by 209.
198
Calculate the remainder when 363713732 is divided by 121237910.
2
What is the remainder when 5829248 is divided by 3397?
3393
What is the remainder when 4114015 is divided by 2057002?
11
Calculate the remainder when 38073540 is divided by 226.
224
What is the remainder when 51619 is divided by 2827?
733
What is the remainder when 3145193 is divided by 131049?
17
What is the remainder when 4621 is divided by 1963?
695
What is the remainder when 23865 is divided by 7068?
2661
What is the remainder when 186605 is divided by 1925?
1805
Calculate the remainder when 13372724 is divided by 17.
14
What is the remainder when 111497 is divided by 4453?
172
What is the remainder when 701526 is divided by 231153?
8067
Calculate the remainder when 27928 is divided by 4561.
562
Calculate the remainder when 2771392 is divided by 23687.
13
Calculate the remainder when 1630418 is divided by 594.
482
Calculate the remainder when 3164852 is divided by 81150.
2
What is the remainder when 9433810 is divided by 1222?
1192
What is the remainder when 291303 is divided by 209?
166
Calculate the remainder when 9584005 is divided by 17.
0
What is the remainder when 240702899 is divided by 12?
11
What is the remainder when 100022451 is divided by 2?
1
What is the remainder when 18514 is divided by 7996?
2522
What is the remainder when 233711 is divided by 115875?
1961
Calculate the remainder when 286942 is divided by 3777.
3667
What is the remainder when 82831 is divided by 6115?
3336
What is the remainder when 7488077 is divided by 562?
551
What is the remainder when 3010530 is divided by 94077?
66
Calculate the remainder when 8894310 is divided by 274.
270
Calculate the remainder when 31898 is divided by 778.
0
Calculate the remainder when 105095 is divided by 20641.
1890
What is the remainder when 817754 is divided by 78?
2
What is the remainder when 166955 is divided by 4275?
230
What is the remainder when 2576876 is divided by 1223?
15
What is the remainder when 334913 is divided by 2965?
2833
Calculate the remainder when 841257 is divided by 16824.
57
Calculate the remainder when 8800644 is divided by 17.
16
Calculate the remainder when 32608 is divided by 5420.
88
What is the remainder when 625234 is divided by 156289?
78
Calculate the remainder when 32479113 is divided by 3.
0
What is the remainder when 11621 is divided by 350?
71
What is the remainder when 17352481 is divided by 4338116?
17
What is the remainder when 1438117 is divided by 1933?
1898
What is the remainder when 2167162 is divided by 4249?
172
What is the remainder when 123974 is divided by 61952?
70
Calculate the remainder when 133189 is divided by 1399.
284
Calculate the remainder when 130092 is divided by 1883.
165
Calculate the remainder when 14885165 is divided by 14885153.
12
What is the remainder when 30489628 is divided by 435566?
8
Calculate the remainder when 44897 is divided by 1325.
1172
What is the remainder when 141587 is divided by 3451?
96
What is the remainder when 26918086 is divided by 1?
0
Calculate the remainder when 7848706 is divided by 7848681.
25
Calculate the remainder when 119294 is divided by 6995.
379
What is the remainder when 4201474 is divided by 49429?
9
Calculate the remainder when 398219 is divided by 22123.
5
Calculate the remainder when 555242 is divided by 592.
538
Calculate the remainder when 5451585 is divided by 2005.
1995
What is the remainder when 174763 is divided by 2913?
2896
What is the remainder when 260980 is divided by 26065?
330
What is the remainder when 169898 is divided by 1554?
512
Calculate the remainder when 122265692 is divided by 27870.
2
Calculate the remainder when 44329 is divided by 22157.
15
What is the remainder when 290634 is divided by 3773?
113
Calculate the remainder when 1318192 is divided by 439385.
37
Calculate the remainder when 219964 is divided by 24434.
58
Calculate the remainder when 242699 is divided by 4275.
3299
Calculate the remainder when 133182772 is divided by 271248.
4
What is the remainder when 6968552 is divided by 1460?
1432
Calculate the remainder when 42160976 is divided by 20.
16
Calculate the remainder when 3230721 is divided by 403839.
9
Calculate the remainder when 872574 is divided by 290843.
45
What is the remainder when 4796580 is divided by 173?
155
What is the remainder when 2755830 is divided by 6292?
6226
What is the remainder when 5335336 is divided by 4136?
4032
What is the remainder when 17394826 is divided by 33?
31
Calculate the remainder when 1203433719 is divided by 738.
735
Calculate the remainder when 4131026 is divided by 1275.
26
Calculate the remainder when 1559139 is divided by 415.
399
Calculate the remainder when 2821203 is divided by 2820804.
399
Calculate the remainder when 5156157 is divided by 429659.
249
What is the remainder when 80154676 is divided by 26718225?
1
What is the remainder when 101521 is divided by 33683?
472
Calculate the remainder when 216720077 is divided by 5168.
5165
Calculate the remainder when 11529358 is divided by 107751.
1
What is the remainder when 81242094 is divided by 27?
12
What is the remainder when 22815 is divided by 1358?
1087
Calculate the remainder when 390368 is divided by 1382.
644
Calculate the remainder when 915008 is divided by 304889.
341
Calculate the remainder when 40512962 is divided by 4598.
4582
What is the remainder when 144162 is divided by 72070?
22
What is the remainder when 595105 is divided by 5180?
4585
Calculate the remainder when 1452466 is divided by 122.
56
Calculate the remainder when 29401434 is divided by 223.
222
Calculate the remainder when 1197228 is divided by 688.
108
What is the remainder when 1473597 is divided by 2?
1
What is the remainder when 324059 is divided by 81013?
7
What is the remainder when 297427 is divided by 86?
39
What is the remainder when 1068097 is divided by 84?
37
What is the remainder when 137039 is divided by 136972?
67
Calculate the remainder when 12881079 is divided by 157086.
27
What is the remainder when 2918182 is divided by 364?
358
What is the remainder when 180985 is divided by 2748?
2365
Calculate the remainder when 103240 is divided by 25806.
16
What is the remainder when 531519 is divided by 17717?
9
What is the remainder when 17170083 is divided by 59412?
15
What is the remainde